e 0 = 3*f + 53 + 97. Let w = 95 + f. Suppose -g = 2*g - w. What is the greatest common factor of g and 15?
15
Suppose 2*a + 0*a = 78. Suppose -3*g + a = -0*g. Calculate the highest common factor of g and 117.
13
Let c(v) = -v**3 + 8*v**2 - 6*v - 6. Let w be c(7). What is the greatest common factor of w and 2?
1
Suppose w + 64 = 67. Let q(m) = -6*m**3 + m**2 + m - 1. Let y be q(1). Let x(n) = -2*n - 7. Let p be x(y). Calculate the greatest common factor of p and w.
3
Let c(d) = -2*d**2 + 4 - 3*d**2 + 4*d**2. Let b be c(0). What is the highest common factor of b and 16?
4
Suppose 3 = r - 5. Suppose a - 1 = 0, 5*y - 329 + 52 = 3*a. Calculate the highest common factor of r and y.
8
Let i(a) = 2*a - 3. Suppose g + 0 = 8. Let v be i(g). What is the greatest common factor of 143 and v?
13
Let f(x) = x**3 + 5*x**2 + x + 7. Let h be f(-5). Suppose -h*z - 5 + 17 = 0. Let v(d) = d - 3. Let m be v(5). What is the greatest common factor of z and m?
2
Let f be ((-26)/(-10))/(1/5). Calculate the greatest common factor of 39 and f.
13
Let o be (-1508)/(-6) + 10/15. Suppose -a + 356 = 4*c, -2*c - c + 3*a = -o. Let h = 1 + 10. Calculate the greatest common factor of c and h.
11
Let z be (-92)/(-5) + -1 + (-3)/(-5). Calculate the highest common divisor of 2 and z.
2
Let a = -66 + 185. Let n be 1/((-1)/(-16)) - -1. Calculate the greatest common factor of a and n.
17
Suppose 3*r = -59 + 83. Let j be 1*(-2)/(-2) - -18. Let y = -11 + j. What is the greatest common factor of y and r?
8
Let x be (-7 - 1)/((-13)/130). Calculate the greatest common factor of x and 16.
16
Let z(m) = -m**2 + 2*m - 6. Let c be z(-4). Let y = -18 - c. Calculate the greatest common divisor of y and 4.
4
Let m = 86 - 36. Calculate the greatest common factor of m and 20.
10
Let p = -2 - -5. Suppose 0*o - 5*o = a - 766, p*a = 2*o - 320. What is the greatest common divisor of o and 14?
14
Let f = 448 - 312. Suppose 0 = -z + 4*z - 2*m - 160, 0 = -2*m + 8. Suppose -q - z = -3*k, 5*q = q - 20. Calculate the greatest common factor of k and f.
17
Let n = 15 + -15. Let o = n - -17. Calculate the greatest common factor of o and 153.
17
Let u = 38 - 16. Calculate the highest common factor of u and 176.
22
Suppose -4*r - 28 = -4*z, -3*z + 0*r + 61 = 5*r. Let j be (-2)/(-8) + 837/z. What is the highest common divisor of j and 10?
10
Let w = -64 + 26. Suppose 0 = -5*d - 16 - 109. Let u = d - w. What is the greatest common factor of 13 and u?
13
Suppose -2*s = -2*q - 10, -3*q - 8 = -4*s + 16. Let i = 55 + -37. What is the highest common divisor of s and i?
9
Let l be 406/(-35)*(-10)/4. Calculate the greatest common factor of l and 58.
29
Suppose -6*m + 3*m + 24 = 0. What is the highest common divisor of 88 and m?
8
Suppose 0 = -2*w - 1 + 5. What is the greatest common factor of 6 and w?
2
Let r be (-201)/(-4) + (-2)/8. Let d(i) = 20*i**2. Let l be d(-1). What is the highest common divisor of r and l?
10
Suppose -4*o = -4*n - 560, 4*o - n = 378 + 194. What is the greatest common divisor of o and 16?
16
Suppose 2*v = -3*v - 2*t + 11, 0 = -5*v + 3*t + 21. Let n = v - -3. Let c be (4/(-6))/(2/(-18)). Calculate the highest common factor of c and n.
6
Suppose -4*y - 2*v + 27 = 1, -4*v - 12 = 0. Let l = 10 + -6. Suppose 5*t + 53 = a + l*t, -a + 62 = 2*t. What is the highest common factor of a and y?
8
Let k(x) = x**2 - 6*x + 7. Let u be k(5). Let c be (u/1)/(6/102). What is the highest common divisor of c and 17?
17
Suppose -2*d - 2 = -8. Suppose 0*r - r = 3*k - 26, -2*r = -d*k + 20. Suppose -5*a + 3*a = -k. What is the greatest common divisor of 32 and a?
4
Suppose -2*f + 220 = 2*f. Calculate the highest common factor of f and 11.
11
Let m = -6 + 11. Let k = 8 - m. Let g(x) = 3*x - 6. Let w be g(6). What is the highest common factor of w and k?
3
Let g(d) = 24*d. Let r be g(-4). Let l = r + 168. Let k = -52 - -60. What is the greatest common factor of l and k?
8
Let r = 7 + -5. Suppose 3 = r*b - 3. Let i(v) = 34*v**2 - v. Let p be i(1). What is the greatest common factor of p and b?
3
Let r be (-1 + -23)*9/(-18). Calculate the highest common divisor of r and 18.
6
Suppose 8*c = -0*c + 520. What is the highest common divisor of c and 26?
13
Let q = 189 + -108. Let y be (0 + 318/3)/2. Suppose -2*d = 5*f - 41, -4*d - y = -5*f - 0*d. Calculate the highest common factor of f and q.
9
Suppose -l - 2 = -4. Suppose 3*g - l*g - 26 = -3*y, -30 = -3*g + 3*y. What is the highest common factor of g and 14?
14
Let q(a) = -2*a - 13. Let j be q(-11). Suppose m = j + 5. What is the highest common factor of 70 and m?
14
Suppose 2*v = 4*j - 4, 10 = 2*v + 3*j - 14. Calculate the highest common factor of v and 9.
3
Let z(r) = 2*r**3 - r**2 + r - 4. Let x be z(4). Calculate the greatest common divisor of 16 and x.
16
Suppose 3*p - 70 = 5*t, 0*p + t - 38 = -2*p. Suppose 6*s - 2*s - 4*k = 32, -36 = -5*s + 4*k. Calculate the greatest common factor of p and s.
4
Let c be (-27)/(-18) + (-493)/(-2). What is the greatest common divisor of 31 and c?
31
Suppose -2*b + 46 = -58. Let r = 11 + 23. Let j = b - r. What is the greatest common factor of 18 and j?
18
Suppose 2*h - 110 = -4*f, 2*h - 29 = -f - 9. What is the highest common divisor of 6 and f?
6
Let m = 3 + -7. Let g = 6 + m. Calculate the highest common divisor of g and 16.
2
Let w(h) = h**3 + 7*h**2 - 8*h + 14. Let p be w(-8). Suppose 3*s - 95 = 115. Calculate the greatest common factor of p and s.
14
Suppose 2 = 5*k + 4*b - 4, -1 = -3*k - 5*b. Let v = 11 - 17. Let s = k - v. What is the highest common factor of s and 16?
8
Let z(q) = 2*q**2 - q. Let l be z(2). Let p = l - 1. Suppose -39 = -p*m + 26. Calculate the greatest common factor of m and 13.
13
Let j = -6 + 2. Let p = j + 4. Suppose -r + 19 = 3*x, 2*x = r - p*r + 1. What is the greatest common factor of 56 and r?
7
Let m(q) = -q**3 - 9*q**2 - 28*q - 72. Let u be m(-8). Let c = 45 + 10. Suppose -i + c = 4*i. Calculate the greatest common factor of u and i.
11
Let m(s) = -s**2 + 20. Let v = -2 + 1. Let k = v + 1. Let o be m(k). What is the highest common divisor of 8 and o?
4
Let w = -4 - -260. Calculate the highest common factor of w and 16.
16
Let f be ((-10)/15)/(1/(-27)). Let p be (2/3)/(1/90). Suppose 0 = 2*a + 3*a - p. What is the highest common divisor of f and a?
6
Suppose 4*c = -2*g + 55 + 1, -4*g - 2*c + 106 = 0. Suppose -g = -5*a + 3*a. Suppose -4*q + 108 + 360 = 0. What is the highest common divisor of a and q?
13
Let l = 145 - 28. Suppose -3*o + 3 = -l. Calculate the highest common factor of 10 and o.
10
Suppose 0 = 2*t - u - 8, 10 = 2*t + u - 6. What is the highest common divisor of 6 and t?
6
Let c be (-120)/2*2/(-5). Suppose 0 = -2*z + 4*v + c, 4*v + 20 = -z + 2*z. Calculate the greatest common divisor of 2 and z.
2
Suppose f - 8 = 3*f. Let l be 22*-22*1/f. What is the greatest common factor of 11 and l?
11
Suppose 0 = 6*n - 2*n - 44. What is the highest common factor of n and 55?
11
Suppose 2*c - c + 15 = l, 2*c = 4*l - 50. Calculate the greatest common factor of 90 and l.
10
Let l(r) = 85*r**3 - r**2. Let d be l(1). Suppose -4*c + 2*c = -d. Suppose 2*w - c = -6. Calculate the greatest common factor of w and 12.
6
Let l = -46 - -67. Let a = -1 + l. Let j be 2/6 - 659/(-3). Calculate the greatest common factor of j and a.
20
Let b(t) = 3*t**2 + 4*t - 4. Let m be b(-4). Calculate the greatest common factor of m and 42.
14
Let b(s) = 4*s + 7. Let j(m) = 7*m + 13. Let h(c) = -5*b(c) + 3*j(c). Let k = 3 - 0. Let p be h(k). Calculate the highest common factor of 49 and p.
7
Let s be (-70)/(-8) + 8/32. Suppose -5*d - 4*x = -8*d + 11, 5*d - 3*x = 0. Let y = d + 6. Calculate the greatest common divisor of y and s.
3
Suppose -4*r = -r - 24. Calculate the greatest common factor of r and 2.
2
Let g = -4 + 6. Calculate the highest common factor of 22 and g.
2
Let l = 59 - 36. What is the highest common divisor of 115 and l?
23
Let y = 10 + 22. What is the greatest common factor of y and 4?
4
Let b(v) = -4*v - 4. Let m be b(3). Let f be ((-36)/m)/((-2)/(-24)). Calculate the greatest common divisor of f and 3.
3
Let h = 5 + -2. Suppose -4*d = -h*d - 2. Calculate the greatest common factor of 2 and d.
2
Suppose 2*i - 6*i = -16. Suppose -2*j - 5*g - 5 = -0, 5*j + i*g = 13. Let r = 0 + j. What is the highest common factor of 